g(j) = 2*j**2 - j - 3. Let w be g(3). Suppose -8*c = -9*c - w. What is the remainder when 22 is divided by (-3)/(-12) + (-93)/c?
6
Suppose -4*k - 4*p - 72 = 0, -44 = 3*k + 5*p - 4*p. Let o = 6 - k. What is the remainder when o is divided by 7?
5
Let v(c) = 5*c - 206 + c**2 + 218 + 9*c. Let b(a) = -4*a**3 - a**2 - 3*a - 2. What is the remainder when b(-2) is divided by v(-14)?
8
Let a be -4 - -6*1 - 1. Calculate the remainder when (-3*a)/(24/(-152)) is divided by 7.
5
Let k be -3 + 3 + -2 + 4. Suppose -m + 4 = -2*t - 28, -k*m - 3*t = -43. Suppose 3*r = m + 31. Calculate the remainder when 36 is divided by r.
17
What is the remainder when 585 is divided by 900/(-540) + 53/3?
9
Let k = 961 + -937. Let f(w) be the third derivative of -w**6/120 - w**5/10 + 7*w**4/24 - w**3/2 - 2*w**2. Calculate the remainder when f(-8) is divided by k.
21
Let g(h) be the third derivative of h**5/60 - 7*h**4/24 + 5*h**3/2 - 3*h**2. Calculate the remainder when 9 is divided by g(5).
4
Suppose 218*r - 223*r = -1180. What is the remainder when r is divided by 36?
20
Suppose 168 = 4*t + 17*b - 21*b, -2*t + 3*b = -80. Calculate the remainder when 95 is divided by t.
3
Suppose 0 = -4*l - 5*n - 7, 0 = -2*l + l - 4*n - 10. Suppose -l*p + p = -49. Let d(x) = x**2 - 11*x - 17. What is the remainder when p is divided by d(14)?
24
Suppose 4*f - 90 = -2*j, f + 48 = 3*f + 2*j. Suppose f*t = 16*t + 20. Suppose -34 = -t*r + 110. What is the remainder when r is divided by 13?
10
Let k = -899 + 926. What is the remainder when 63 is divided by k?
9
Let d(n) = -2 + 14*n - 6*n - 2 - 13*n. Calculate the remainder when d(-23) is divided by 28.
27
Let z(o) = -o**3 + 7*o**2 - 4*o + 7. Let m(a) = a**2 - 8*a - 4. Let w be m(9). Calculate the remainder when (-20)/w*(-35)/4 is divided by z(6).
16
Let z = -28 + 33. Suppose 180 = 4*q - 4*k, 32 = q + z*k - 25. What is the remainder when q is divided by 17?
13
Suppose -c = -5*c + 116. Let h(i) = -3*i - 22. Calculate the remainder when c is divided by h(-10).
5
Let p = -17 - -24. Let o(b) = -b**2 + 13*b - 3. Let c be o(10). Let a = 38 - c. What is the remainder when a is divided by p?
4
Suppose f = -3*s + 17, -2*s + 6 = -0*s + 2*f. Suppose 21*i - 49 = 20*i. What is the remainder when i is divided by 468/28 + 2/s?
15
Let m = -9 - -7. Let v = 3 - -19. Calculate the remainder when v is divided by m*(-3 + 2) - -6.
6
Let u = -911 + 1003. Calculate the remainder when u is divided by 76.
16
Let u(h) = -4*h**2 - h - 2. Let c(l) = -3*l**2 - 2*l - 2. Let k(v) = -3*c(v) + 2*u(v). What is the remainder when 3/1*53/3 is divided by k(-6)?
11
Suppose -5*x - 5*a + 30 = 0, 0*x - 4*a = 3*x - 16. Let p(m) = 2*m**3 - 20*m**2 + 19*m + 20. What is the remainder when p(9) is divided by x?
5
Let y be 34/10 - (-12)/20. Suppose 0 = r - x - 18, -9*r + y*r + 125 = 2*x. Calculate the remainder when 113 is divided by r.
21
Let y be (-16)/(-6) + (-16)/(-48). Suppose -4*w + 124 = 4*u, -69 = -3*u + y*w + 12. Calculate the remainder when u is divided by 6.
5
Let q(v) = 153*v + 1060. Calculate the remainder when 508 is divided by q(-6).
82
Let f(p) = 3 - 4 + 6 - 4 + 10*p. What is the remainder when 41 is divided by f(1)?
8
Suppose 11*b - 15*b = -4*l + 108, -5*l - b + 129 = 0. Calculate the remainder when 674 is divided by l.
24
Suppose 12*y + 3*j = 10*y + 16, 2*y + j - 16 = 0. Suppose -2*i - 85 = -241. What is the remainder when i is divided by y?
6
Let x = 42 - 233. Let k = x + 270. Suppose -4*c + k = 11. Calculate the remainder when c is divided by 11.
6
Let r(a) = -a**3 - 12*a**2 + a + 11. Let y be r(-12). Calculate the remainder when (-5)/((-10)/128) + 1 is divided by 4 + 15 + (y - 1).
14
Let j be (2/(-6))/((-2)/(-6)). What is the remainder when 0 - (2*-17 + 1) is divided by (32/(-5) - -5)*(-6 - j)?
5
Let h = 16 - 11. Let n = h - 6. What is the remainder when ((-62)/n - 2) + 0 is divided by 21?
18
Let h = -16 - -7. Let z(q) = q**3 + 8*q**2 - 11*q - 8. Let m be z(h). What is the remainder when 66/10 - (-4)/m is divided by 3?
1
Suppose -4*o + 0*k + 5*k = -57, 4*o - 2*k - 66 = 0. Suppose -36*f + 718 = -1730. What is the remainder when f is divided by o?
14
Let a(q) = q - 7. Let z(l) = l - 7. Let m(d) = -5*a(d) + 4*z(d). Let o(u) = -51*u**3 - u**2 - 2*u - 1. Calculate the remainder when o(-1) is divided by m(-19).
25
Let t = -48 + 221. Suppose -t + 598 = 5*m. What is the remainder when m is divided by 29?
27
Let j = 2665 + -2364. What is the remainder when j is divided by 80?
61
Let b = -18 + 36. Let t = 24 - 21. Suppose v = t*v - 10. What is the remainder when b is divided by v?
3
Suppose -q - 37 = -4*a, 4*a + q = -0*a + 35. Let x = 15 - a. Suppose 11*v = x*v + 45. What is the remainder when v is divided by 5?
4
Let u = 9 + -7. Suppose 0*w - u*c = -4*w + 6, -w + 5*c = 21. Suppose 4*t - 17 = 5*r + 37, 0 = 3*t - w*r - 41. Calculate the remainder when 42 is divided by t.
9
Suppose 0*b - 4*b = -72. Let u = b + -16. Suppose u*t = 6*t - 40. What is the remainder when 18 is divided by t?
8
Suppose 3*l - 113 = -2*h, 5*h = 5*l - 10*l + 190. What is the remainder when l is divided by 18?
1
Let r(u) = -u + 8. Let k(s) = 8*s**3 - 3*s**2 - s + 1. Let w be k(-1). What is the remainder when 49 is divided by r(w)?
15
Let v = 84 - 49. Calculate the remainder when v is divided by 264/14 - 2/(-14).
16
Let t(y) = -6*y + 78. Calculate the remainder when 35 is divided by t(11).
11
Let u(g) be the second derivative of 3*g + 9/2*g**2 - 1/6*g**3 + 0. Calculate the remainder when 10 is divided by u(3).
4
Suppose -52*z = 291 - 9443. What is the remainder when z is divided by 35?
1
Suppose 0 = 4*i - 2*i - 64. Let n = 583 + -565. What is the remainder when i is divided by n?
14
Calculate the remainder when 234 is divided by (0 - -1)*(81 + -2).
76
Suppose -231 = 45*o - 66*o. Calculate the remainder when 284 is divided by o.
9
Let b = -330 - -336. Suppose 5*x - 13 = 2*k - 142, -2*k + 109 = -x. What is the remainder when k is divided by b?
4
Let p(n) = n**2 + 13*n + 50. Calculate the remainder when p(-5) is divided by 2.
0
Let q(o) = -o**3 - 30*o**2 + 62*o - 10. Calculate the remainder when 915 is divided by q(-32).
51
Let h(n) = n**2 - 2*n + 2. Suppose 5*s + 2 = -4*z + 1, -s + z = -7. Let a = -1 + 15. Calculate the remainder when a is divided by h(s).
4
Suppose -77 = -4*z - 3*f - 0*f, 4*f = -2*z + 46. Suppose 0 = -r + 85 - 20. What is the remainder when r is divided by z?
14
Calculate the remainder when 83/(-332)*46*-2 is divided by 7.
2
Suppose 0 = -4*m - 15 - 1. Calculate the remainder when 3/((-126)/(-4296)) + m/14 is divided by 8.
6
Suppose -2*w + w = -17. Suppose 5*c - 262 = 68. Let l = c - 18. What is the remainder when l is divided by w?
14
Let t be 2*(-2)/(-16) - (-382)/8. Suppose 3*r + r = -4*m + t, 4*m - 3*r = 27. Let g = 7 + -4. What is the remainder when m is divided by g?
0
Suppose -5*z - 15 = -3*j - 3, 3*z + 7 = 2*j. Let y(t) = 8*t + 10. What is the remainder when y(j) is divided by 1?
0
Suppose 3*b + 4*h - 266 = 0, 3*b - 5*h - 63 - 212 = 0. Calculate the remainder when 288 is divided by b.
18
Let j(m) = 2*m**2 + 3*m - 27. Let w(b) = b**3 - 3*b**2 + 8*b - 13. Let a be w(3). What is the remainder when j(a) is divided by 25?
23
Let t(j) = j**2 + 7*j - 8. Suppose b - 3*m = -7, b - 4*m - 2 + 8 = 0. Let w be t(b). Calculate the remainder when (-9 + 0)*w/(-6) is divided by 17.
16
Suppose -u + 40 = 3*u. Suppose 12*i - 4 = 344. What is the remainder when i is divided by 10/(-3)*(-48)/u?
13
Let x(c) = -c**3 - 10*c**2 + 19*c + 214. What is the remainder when 189 is divided by x(-10)?
21
Let f be 388/10 + (-15)/(-75). Suppose o = -2*b + 37 + f, -3*o - 4*b + 234 = 0. What is the remainder when o is divided by 42?
40
Let b(z) = -z + 6. Let i be b(5). Let k be (-2 + 5)*(-6)/9. Calculate the remainder when 6 is divided by (i - 5)/(1*k).
0
Suppose -5*u - 15 = -3*f - 233, f = 4*u - 173. What is the remainder when u is divided by 6?
1
Suppose -2*r = -1 - 5. Calculate the remainder when (r/6)/((-1)/(-8)) is divided by 2 + -4 - (-1 + -3).
0
Suppose 0*s + 41 = -3*s - 2*p, -p - 27 = 2*s. Let k = s + 21. Let m(g) = g**3 - 8*g**2 + g. Calculate the remainder when 30 is divided by m(k).
6
Let v = -1750 - -1774. Suppose b - 2*c - c - 39 = 0, -2*b + 73 = -c. What is the remainder when b is divided by v?
12
Let p(x) = -6*